{"id":295,"date":"2020-02-19T18:10:56","date_gmt":"2020-02-19T17:10:56","guid":{"rendered":"https:\/\/silviafernandez.com\/?page_id=295"},"modified":"2026-04-22T15:52:12","modified_gmt":"2026-04-22T13:52:12","slug":"notre-histoire","status":"publish","type":"page","link":"https:\/\/silviafernandez.com\/fr\/notre-histoire\/","title":{"rendered":"Notre histoire"},"content":{"rendered":"<div data-elementor-type=\"wp-page\" data-elementor-id=\"295\" class=\"elementor elementor-295\" data-elementor-post-type=\"page\">\n\t\t\t\t<div class=\"elementor-element elementor-element-99e9999 e-flex e-con-boxed e-con e-parent\" data-id=\"99e9999\" data-element_type=\"container\" data-e-type=\"container\" data-settings=\"{&quot;jet_parallax_layout_list&quot;:[]}\">\n\t\t\t\t\t<div class=\"e-con-inner\">\n\t\t<div class=\"elementor-element elementor-element-5ddb359 e-con-full e-flex e-con e-child\" data-id=\"5ddb359\" data-element_type=\"container\" data-e-type=\"container\" data-settings=\"{&quot;background_background&quot;:&quot;classic&quot;,&quot;jet_parallax_layout_list&quot;:[]}\">\n\t\t\t\t<div class=\"elementor-element elementor-element-a1d3613 elementor-widget elementor-widget-heading\" data-id=\"a1d3613\" data-element_type=\"widget\" data-e-type=\"widget\" data-widget_type=\"heading.default\">\n\t\t\t\t\t<h1 class=\"elementor-heading-title elementor-size-default\"><span class=\"a_GcMg font-feature-liga-off font-feature-clig-off font-feature-calt-off text-decoration-none text-strikethrough-none\" style=\"--Ys-XuQ: none\">Una historia bordada en el tiempo<\/span><\/h1>\t\t\t\t<\/div>\n\t\t\t\t<\/div>\n\t\t\t\t\t<\/div>\n\t\t\t\t<\/div>\n\t\t<div class=\"elementor-element elementor-element-57fb4c7 e-flex e-con-boxed e-con e-parent\" data-id=\"57fb4c7\" data-element_type=\"container\" data-e-type=\"container\" data-settings=\"{&quot;jet_parallax_layout_list&quot;:[]}\">\n\t\t\t\t\t<div class=\"e-con-inner\">\n\t\t\t\t<div class=\"elementor-element elementor-element-319aebf elementor-widget elementor-widget-text-editor\" data-id=\"319aebf\" data-element_type=\"widget\" data-e-type=\"widget\" data-widget_type=\"text-editor.default\">\n\t\t\t\t\t\t\t\t\t<p class=\"cvGsUA direction-ltr align-justify para-style-body\"><span class=\"a_GcMg font-feature-liga-off font-feature-clig-off font-feature-calt-off text-decoration-none text-strikethrough-none\">Desde muy pequen\u0303a, el hilo y la aguja han estado presentes en la vida de nuestra disen\u0303adora. Su madre, modista de profesio\u0301n, le ensen\u0303o a una edad temprana todos los secretos y la magia que encerraba un atelier. Crecio\u0301 rodeada de tejidos y patrones, lo cua\u0301l hizo que su vocacio\u0301n por la costura creciese a lo largo de los an\u0303os.<\/span><\/p><p class=\"cvGsUA direction-ltr align-justify para-style-body\"><span class=\"a_GcMg font-feature-liga-off font-feature-clig-off font-feature-calt-off text-decoration-none text-strikethrough-none\">Quelque temps plus tard, elle s'installe \u00e0 Madrid o\u00f9 elle \u00e9tudie la publicit\u00e9 et travaille pendant plusieurs ann\u00e9es comme mannequin, notamment pour Pedro del Hierro, Petro Valverde, YSL et Karl Lagerfeld.<\/span><\/p><p class=\"cvGsUA direction-ltr align-justify para-style-body\"><span class=\"a_GcMg font-feature-liga-off font-feature-clig-off font-feature-calt-off text-decoration-none text-strikethrough-none\">Cependant, l'univers du mariage est apparu plus tard dans sa vie, en commen\u00e7ant par son propre mariage. En cherchant sa robe, elle a d\u00e9couvert qu'elle ne se reconnaissait pas dans les tendances nuptiales de l'\u00e9poque et qu'il \u00e9tait presque impossible de s'affranchir de ces canons impos\u00e9s pour trouver une robe qui refl\u00e9tait vraiment sa personnalit\u00e9.<\/span><\/p><p class=\"cvGsUA direction-ltr align-justify para-style-body\"><span class=\"a_GcMg font-feature-liga-off font-feature-clig-off font-feature-calt-off text-decoration-none text-strikethrough-none\">En ese momento, entendio\u0301 que muchas futuras novias estari\u0301an en su misma situacio\u0301n e hizo de esa bu\u0301squeda su pasio\u0301n y profesio\u0301n.<\/span><\/p>\t\t\t\t\t\t\t\t<\/div>\n\t\t\t\t<div class=\"elementor-element elementor-element-6c31695 elementor-widget elementor-widget-video\" data-id=\"6c31695\" data-element_type=\"widget\" data-e-type=\"widget\" data-settings=\"{&quot;video_type&quot;:&quot;vimeo&quot;}\" data-widget_type=\"video.default\">\n\t\t\t\t\t\t\t<div class=\"elementor-wrapper elementor-open-inline\">\n\t\t\t<iframe class=\"elementor-video-iframe\" allowfullscreen allow=\"clipboard-write\" title=\"Reproductor de v\u00eddeo vimeo\" src=\"https:\/\/player.vimeo.com\/video\/1184873564?color&amp;autopause=0&amp;loop=0&amp;muted=0&amp;title=1&amp;portrait=1&amp;byline=1#t=\"><\/iframe>\t\t<\/div>\n\t\t\t\t\t\t<\/div>\n\t\t\t\t<div class=\"elementor-element elementor-element-836fa8a elementor-widget elementor-widget-text-editor\" data-id=\"836fa8a\" data-element_type=\"widget\" data-e-type=\"widget\" data-widget_type=\"text-editor.default\">\n\t\t\t\t\t\t\t\t\t<p class=\"cvGsUA direction-ltr align-justify para-style-body\"><span class=\"a_GcMg font-feature-liga-off font-feature-clig-off font-feature-calt-off text-decoration-none text-strikethrough-none\">Apr\u00e8s 20 ans dans le secteur du mariage, Silvia Fern\u00e1ndez \u00c1lvarez, a donn\u00e9 vie au r\u00eave de cr\u00e9er sa marque \u00e9ponyme avec l'id\u00e9e de concevoir quelque chose de diff\u00e9rent. Honn\u00eatet\u00e9, proximit\u00e9, simplicit\u00e9 et savoir-faire sont les valeurs qui d\u00e9finissent la marque et que l'on retrouve dans chacune des cr\u00e9ations de la <\/span><span class=\"a_GcMg font-feature-liga-off font-feature-clig-off font-feature-calt-off text-decoration-none text-strikethrough-none\">designer<\/span><span class=\"a_GcMg font-feature-liga-off font-feature-clig-off font-feature-calt-off text-decoration-none text-strikethrough-none\">.<\/span><\/p><p class=\"cvGsUA direction-ltr align-justify para-style-body\"><span class=\"a_GcMg font-feature-liga-off font-feature-clig-off font-feature-calt-off text-decoration-none text-strikethrough-none\">Silvia Fern\u00e1ndez Atelier est n\u00e9 de l'amour du d\u00e9tail, de la passion du travail bien fait et de l'illusion de coudre le r\u00eave de chaque <\/span><span class=\"a_GcMg font-feature-liga-off font-feature-clig-off font-feature-calt-off text-decoration-none text-strikethrough-none\">fianc\u00e9e<\/span><span class=\"a_GcMg font-feature-liga-off font-feature-clig-off font-feature-calt-off text-decoration-none text-strikethrough-none\"> et participer \u00e0 la magie de cette journ\u00e9e.<\/span><\/p><p class=\"cvGsUA direction-ltr align-justify para-style-body\"><span class=\"a_GcMg font-feature-liga-off font-feature-clig-off font-feature-calt-off text-decoration-none text-strikethrough-none\">Retour aux sources, depuis notre <\/span><span class=\"a_GcMg font-feature-liga-off font-feature-clig-off font-feature-calt-off text-decoration-none text-strikethrough-none\">Atelier<\/span><span class=\"a_GcMg font-feature-liga-off font-feature-clig-off font-feature-calt-off text-decoration-none text-strikethrough-none\"> du Bierzo, toute l'\u00e9quipe de Silvia Fern\u00e1ndez Atelier travaille main dans la main avec un seul objectif : r\u00e9aliser le r\u00eave de chaque mari\u00e9e. Des robes d'une qualit\u00e9 et d'un design uniques qui refl\u00e8tent leur personnalit\u00e9 et les accompagnent dans leurs souvenirs pour toujours.<\/span><\/p>\t\t\t\t\t\t\t\t<\/div>\n\t\t\t\t\t<\/div>\n\t\t\t\t<\/div>\n\t\t\t\t<\/div>","protected":false},"excerpt":{"rendered":"<p>Una historia bordada en el tiempo Desde muy pequen\u0303a, el hilo y la aguja han estado presentes en la vida de nuestra disen\u0303adora. Su madre, modista de profesio\u0301n, le ensen\u0303o a una edad temprana todos los secretos y la magia que encerraba un atelier. Crecio\u0301 rodeada de tejidos y patrones, lo cua\u0301l hizo que su [&hellip;]<\/p>\n","protected":false},"author":1,"featured_media":0,"parent":0,"menu_order":0,"comment_status":"closed","ping_status":"closed","template":"","meta":{"footnotes":""},"class_list":["post-295","page","type-page","status-publish","hentry"],"_links":{"self":[{"href":"https:\/\/silviafernandez.com\/fr\/wp-json\/wp\/v2\/pages\/295","targetHints":{"allow":["GET"]}}],"collection":[{"href":"https:\/\/silviafernandez.com\/fr\/wp-json\/wp\/v2\/pages"}],"about":[{"href":"https:\/\/silviafernandez.com\/fr\/wp-json\/wp\/v2\/types\/page"}],"author":[{"embeddable":true,"href":"https:\/\/silviafernandez.com\/fr\/wp-json\/wp\/v2\/users\/1"}],"replies":[{"embeddable":true,"href":"https:\/\/silviafernandez.com\/fr\/wp-json\/wp\/v2\/comments?post=295"}],"version-history":[{"count":9,"href":"https:\/\/silviafernandez.com\/fr\/wp-json\/wp\/v2\/pages\/295\/revisions"}],"predecessor-version":[{"id":44093,"href":"https:\/\/silviafernandez.com\/fr\/wp-json\/wp\/v2\/pages\/295\/revisions\/44093"}],"wp:attachment":[{"href":"https:\/\/silviafernandez.com\/fr\/wp-json\/wp\/v2\/media?parent=295"}],"curies":[{"name":"wp","href":"https:\/\/api.w.org\/{rel}","templated":true}]}}

<div data-elementor-type="wp-page" data-elementor-id="295" class="elementor elementor-295" data-elementor-post-type="page">
				<div class="elementor-element elementor-element-99e9999 e-flex e-con-boxed e-con e-parent" data-id="99e9999" data-element_type="container" data-e-type="container" data-settings="{&quot;jet_parallax_layout_list&quot;:[]}">
					<div class="e-con-inner">
		<div class="elementor-element elementor-element-5ddb359 e-con-full e-flex e-con e-child" data-id="5ddb359" data-element_type="container" data-e-type="container" data-settings="{&quot;background_background&quot;:&quot;classic&quot;,&quot;jet_parallax_layout_list&quot;:[]}">
				<div class="elementor-element elementor-element-a1d3613 elementor-widget elementor-widget-heading" data-id="a1d3613" data-element_type="widget" data-e-type="widget" data-widget_type="heading.default">
					<h1 class="elementor-heading-title elementor-size-default"><span class="a_GcMg font-feature-liga-off font-feature-clig-off font-feature-calt-off text-decoration-none text-strikethrough-none" style="--Ys-XuQ: none">Una historia bordada en el tiempo</span></h1>				</div>
				</div>
					</div>
				</div>
		<div class="elementor-element elementor-element-57fb4c7 e-flex e-con-boxed e-con e-parent" data-id="57fb4c7" data-element_type="container" data-e-type="container" data-settings="{&quot;jet_parallax_layout_list&quot;:[]}">
					<div class="e-con-inner">
				<div class="elementor-element elementor-element-319aebf elementor-widget elementor-widget-text-editor" data-id="319aebf" data-element_type="widget" data-e-type="widget" data-widget_type="text-editor.default">
									<p class="cvGsUA direction-ltr align-justify para-style-body"><span class="a_GcMg font-feature-liga-off font-feature-clig-off font-feature-calt-off text-decoration-none text-strikethrough-none">Desde muy pequeña, el hilo y la aguja han estado presentes en la vida de nuestra diseñadora. Su madre, modista de profesión, le enseño a una edad temprana todos los secretos y la magia que encerraba un atelier. Creció rodeada de tejidos y patrones, lo cuál hizo que su vocación por la costura creciese a lo largo de los años.</span></p><p class="cvGsUA direction-ltr align-justify para-style-body"><span class="a_GcMg font-feature-liga-off font-feature-clig-off font-feature-calt-off text-decoration-none text-strikethrough-none">Quelque temps plus tard, elle s'installe à Madrid où elle étudie la publicité et travaille pendant plusieurs années comme mannequin, notamment pour Pedro del Hierro, Petro Valverde, YSL et Karl Lagerfeld.</span></p><p class="cvGsUA direction-ltr align-justify para-style-body"><span class="a_GcMg font-feature-liga-off font-feature-clig-off font-feature-calt-off text-decoration-none text-strikethrough-none">Cependant, l'univers du mariage est apparu plus tard dans sa vie, en commençant par son propre mariage. En cherchant sa robe, elle a découvert qu'elle ne se reconnaissait pas dans les tendances nuptiales de l'époque et qu'il était presque impossible de s'affranchir de ces canons imposés pour trouver une robe qui reflétait vraiment sa personnalité.</span></p><p class="cvGsUA direction-ltr align-justify para-style-body"><span class="a_GcMg font-feature-liga-off font-feature-clig-off font-feature-calt-off text-decoration-none text-strikethrough-none">En ese momento, entendió que muchas futuras novias estarían en su misma situación e hizo de esa búsqueda su pasión y profesión.</span></p>								</div>
				<div class="elementor-element elementor-element-6c31695 elementor-widget elementor-widget-video" data-id="6c31695" data-element_type="widget" data-e-type="widget" data-settings="{&quot;video_type&quot;:&quot;vimeo&quot;}" data-widget_type="video.default">
							<div class="elementor-wrapper elementor-open-inline">
			<iframe class="elementor-video-iframe" allowfullscreen allow="clipboard-write" title="Reproductor de vídeo vimeo" src="https://player.vimeo.com/video/1184873564?color&amp;autopause=0&amp;loop=0&amp;muted=0&amp;title=1&amp;portrait=1&amp;byline=1#t="></iframe>		</div>
						</div>
				<div class="elementor-element elementor-element-836fa8a elementor-widget elementor-widget-text-editor" data-id="836fa8a" data-element_type="widget" data-e-type="widget" data-widget_type="text-editor.default">
									<p class="cvGsUA direction-ltr align-justify para-style-body"><span class="a_GcMg font-feature-liga-off font-feature-clig-off font-feature-calt-off text-decoration-none text-strikethrough-none">Après 20 ans dans le secteur du mariage, Silvia Fernández Álvarez, a donné vie au rêve de créer sa marque éponyme avec l'idée de concevoir quelque chose de différent. Honnêteté, proximité, simplicité et savoir-faire sont les valeurs qui définissent la marque et que l'on retrouve dans chacune des créations de la </span><span class="a_GcMg font-feature-liga-off font-feature-clig-off font-feature-calt-off text-decoration-none text-strikethrough-none">designer</span><span class="a_GcMg font-feature-liga-off font-feature-clig-off font-feature-calt-off text-decoration-none text-strikethrough-none">.</span></p><p class="cvGsUA direction-ltr align-justify para-style-body"><span class="a_GcMg font-feature-liga-off font-feature-clig-off font-feature-calt-off text-decoration-none text-strikethrough-none">Silvia Fernández Atelier est né de l'amour du détail, de la passion du travail bien fait et de l'illusion de coudre le rêve de chaque </span><span class="a_GcMg font-feature-liga-off font-feature-clig-off font-feature-calt-off text-decoration-none text-strikethrough-none">fiancée</span><span class="a_GcMg font-feature-liga-off font-feature-clig-off font-feature-calt-off text-decoration-none text-strikethrough-none"> et participer à la magie de cette journée.</span></p><p class="cvGsUA direction-ltr align-justify para-style-body"><span class="a_GcMg font-feature-liga-off font-feature-clig-off font-feature-calt-off text-decoration-none text-strikethrough-none">Retour aux sources, depuis notre </span><span class="a_GcMg font-feature-liga-off font-feature-clig-off font-feature-calt-off text-decoration-none text-strikethrough-none">Atelier</span><span class="a_GcMg font-feature-liga-off font-feature-clig-off font-feature-calt-off text-decoration-none text-strikethrough-none"> du Bierzo, toute l'équipe de Silvia Fernández Atelier travaille main dans la main avec un seul objectif : réaliser le rêve de chaque mariée. Des robes d'une qualité et d'un design uniques qui reflètent leur personnalité et les accompagnent dans leurs souvenirs pour toujours.</span></p>								</div>
					</div>
				</div>
				</div>
